{"id":109,"date":"2009-08-24T17:09:36","date_gmt":"2009-08-24T15:09:36","guid":{"rendered":"http:\/\/www.mlv-thannhausen.de\/?page_id=109"},"modified":"2024-03-16T10:28:54","modified_gmt":"2024-03-16T09:28:54","slug":"jugendgruppe","status":"publish","type":"page","link":"https:\/\/www.mlv-thannhausen.de\/?page_id=109","title":{"rendered":"Jugendgruppe"},"content":{"rendered":"<p style=\"text-align: justify;\">Unsere Jugendgruppe umfasst aktuell (2021) 13 Mitglieder, die sich mit gr\u00f6\u00dftem Engagement am Vereinsleben beteiligen und auch in einigen \u00c4mtern aktiv sind. Die meisten absolvieren ihre Ausbildung zum Segelflugzeugf\u00fchrer oder sind frische Scheininhaber. Dank einer sehr erfolgreichen Nachwuchsarbeit und einer tollen Stimmung im Verein &#8211; insbesondere in der Jugendgruppe &#8211; muss sich der MLV keine Sorgen ums &#8222;Aussterben&#8220; machen. Ganz im Gegenteil sind viele der jungen Wilden mittlerweile zu einem wichtigen Teil des Vereins geworden, die bei Veranstaltungen mit anpacken und auch viele Funktionen \u00fcbernehmen, wie Schatzmeister, Fallschirmwart, Zellenwart, Werkstattleiter und sogar Fluglehrer.<\/p>\n<div id=\"attachment_9507\" style=\"width: 310px\" class=\"wp-caption aligncenter\"><a href=\"http:\/\/www.mlv-thannhausen.de\/wp-content\/uploads\/Jugendgruppe2018_thumb-1.jpg\"><img loading=\"lazy\" decoding=\"async\" aria-describedby=\"caption-attachment-9507\" class=\"wp-image-9507 size-medium\" src=\"http:\/\/www.mlv-thannhausen.de\/wp-content\/uploads\/Jugendgruppe2018_thumb-1-300x145.jpg\" alt=\"\" width=\"300\" height=\"145\" srcset=\"https:\/\/www.mlv-thannhausen.de\/wp-content\/uploads\/Jugendgruppe2018_thumb-1-300x145.jpg 300w, https:\/\/www.mlv-thannhausen.de\/wp-content\/uploads\/Jugendgruppe2018_thumb-1-768x372.jpg 768w, https:\/\/www.mlv-thannhausen.de\/wp-content\/uploads\/Jugendgruppe2018_thumb-1-1024x496.jpg 1024w, https:\/\/www.mlv-thannhausen.de\/wp-content\/uploads\/Jugendgruppe2018_thumb-1.jpg 1920w\" sizes=\"auto, (max-width: 300px) 100vw, 300px\" \/><\/a><p id=\"caption-attachment-9507\" class=\"wp-caption-text\">Jugendgruppe 2018: (von links) Timo, Johannes, Jakob, Daniel, Lukas, Josef, Matthias, Todde, Julius, Flo, Julia, Bernhard, Katha, Thommy, Leo und Christoph.<\/p><\/div>\n<p style=\"text-align: justify;\">J\u00e4hrlicher H\u00f6hepunkt im Veranstaltungskalender der Jugendgruppe ist unser&nbsp;<strong>Fly-In mit&nbsp;Beachparty und beheiztem Pool<\/strong>. Viele jugendliche Pilotinnen und Piloten aus ganz Bayern besuchen uns&nbsp;dazu, aber auch einige \u00e4ltere Luftsportler wagen sich unters junge Volk.<\/p>\n<div id=\"attachment_7144\" style=\"width: 310px\" class=\"wp-caption aligncenter\"><a href=\"http:\/\/www.mlv-thannhausen.de\/wp-content\/uploads\/IMGP5964b.jpg\"><img loading=\"lazy\" decoding=\"async\" aria-describedby=\"caption-attachment-7144\" class=\"wp-image-7144 size-medium\" src=\"http:\/\/www.mlv-thannhausen.de\/wp-content\/uploads\/IMGP5964b-300x199.jpg\" alt=\"IMGP5964b\" width=\"300\" height=\"199\" srcset=\"https:\/\/www.mlv-thannhausen.de\/wp-content\/uploads\/IMGP5964b-300x199.jpg 300w, https:\/\/www.mlv-thannhausen.de\/wp-content\/uploads\/IMGP5964b-1024x681.jpg 1024w, https:\/\/www.mlv-thannhausen.de\/wp-content\/uploads\/IMGP5964b-900x598.jpg 900w\" sizes=\"auto, (max-width: 300px) 100vw, 300px\" \/><\/a><p id=\"caption-attachment-7144\" class=\"wp-caption-text\">Fly-In 2015<\/p><\/div>\n<p style=\"text-align: justify;\">Bei den den Landesjugendtreffen der bayerischen Luftsportjugend ist der MLV Stammgast, 2008 hatte unsere Jugend sogar die Ehre das Laju selbst in Thannhausen mit rund 400 G\u00e4sten zu veranstalten. Auch das schw\u00e4bische Jugendvergleichsfliegen wurde bereits mehrfach in&nbsp;Thannhausen abgehalten, zuletzt 2012 und 2013.<\/p>\n<p style=\"text-align: justify;\">Eine ganz besondere Freundschaft pflegt der MLV Nachwuchs&nbsp;mit den Jugendgruppen aus G\u00fcnzburg, Obernau und Wei\u00dfenhorn. Regelm\u00e4\u00dfig treffen sie sich bei gemeinsamen&nbsp;Veranstaltungen, egal ob Grillabend, ein Ausflug oder sogar ein gemeinsames Fluglager. Zusammen macht es einfach immer Spa\u00df!&nbsp;MLV Fluglehrer Christoph ist seit 2017 der Bezirksjugendleiter Schwaben der bayrischen Luftsportjugend, so dass wir auch bei vielen Events der Luftsportjugend aktiv teilnehmen.<\/p>\n<p style=\"text-align: justify;\"><strong>Jugendleiter sind aktuell Daniel Schatz und Julia Glockner.&nbsp;<\/strong><\/p>\n<div id=\"attachment_7136\" style=\"width: 310px\" class=\"wp-caption aligncenter\"><a href=\"http:\/\/www.mlv-thannhausen.de\/wp-content\/uploads\/ngg_featured\/IMG_5616_7_8_fused_thumb.jpg\"><img loading=\"lazy\" decoding=\"async\" aria-describedby=\"caption-attachment-7136\" class=\"wp-image-7136 size-medium\" src=\"http:\/\/www.mlv-thannhausen.de\/wp-content\/uploads\/ngg_featured\/IMG_5616_7_8_fused_thumb-300x199.jpg\" alt=\"Laju 2015\" width=\"300\" height=\"199\" srcset=\"https:\/\/www.mlv-thannhausen.de\/wp-content\/uploads\/ngg_featured\/IMG_5616_7_8_fused_thumb-300x199.jpg 300w, https:\/\/www.mlv-thannhausen.de\/wp-content\/uploads\/ngg_featured\/IMG_5616_7_8_fused_thumb-1024x678.jpg 1024w, https:\/\/www.mlv-thannhausen.de\/wp-content\/uploads\/ngg_featured\/IMG_5616_7_8_fused_thumb-900x596.jpg 900w, https:\/\/www.mlv-thannhausen.de\/wp-content\/uploads\/ngg_featured\/IMG_5616_7_8_fused_thumb.jpg 1920w\" sizes=\"auto, (max-width: 300px) 100vw, 300px\" \/><\/a><p id=\"caption-attachment-7136\" class=\"wp-caption-text\">Zu Gast beim Laju 2015 in Paterzell.<\/p><\/div>\n","protected":false},"excerpt":{"rendered":"<p>Unsere Jugendgruppe umfasst aktuell (2021) 13 Mitglieder, die sich mit gr\u00f6\u00dftem Engagement am Vereinsleben beteiligen und auch in einigen \u00c4mtern aktiv sind. Die meisten absolvieren ihre Ausbildung zum Segelflugzeugf\u00fchrer oder sind frische Scheininhaber. Dank einer sehr erfolgreichen Nachwuchsarbeit und einer <a class=\"more-link\" href=\"https:\/\/www.mlv-thannhausen.de\/?page_id=109\">weiterlesen&#8230;<\/a><\/p>\n","protected":false},"author":312,"featured_media":0,"parent":1032,"menu_order":0,"comment_status":"closed","ping_status":"closed","template":"","meta":{"ngg_post_thumbnail":0,"footnotes":""},"class_list":["post-109","page","type-page","status-publish","hentry"],"_links":{"self":[{"href":"https:\/\/www.mlv-thannhausen.de\/index.php?rest_route=\/wp\/v2\/pages\/109","targetHints":{"allow":["GET"]}}],"collection":[{"href":"https:\/\/www.mlv-thannhausen.de\/index.php?rest_route=\/wp\/v2\/pages"}],"about":[{"href":"https:\/\/www.mlv-thannhausen.de\/index.php?rest_route=\/wp\/v2\/types\/page"}],"author":[{"embeddable":true,"href":"https:\/\/www.mlv-thannhausen.de\/index.php?rest_route=\/wp\/v2\/users\/312"}],"replies":[{"embeddable":true,"href":"https:\/\/www.mlv-thannhausen.de\/index.php?rest_route=%2Fwp%2Fv2%2Fcomments&post=109"}],"version-history":[{"count":30,"href":"https:\/\/www.mlv-thannhausen.de\/index.php?rest_route=\/wp\/v2\/pages\/109\/revisions"}],"predecessor-version":[{"id":12188,"href":"https:\/\/www.mlv-thannhausen.de\/index.php?rest_route=\/wp\/v2\/pages\/109\/revisions\/12188"}],"up":[{"embeddable":true,"href":"https:\/\/www.mlv-thannhausen.de\/index.php?rest_route=\/wp\/v2\/pages\/1032"}],"wp:attachment":[{"href":"https:\/\/www.mlv-thannhausen.de\/index.php?rest_route=%2Fwp%2Fv2%2Fmedia&parent=109"}],"curies":[{"name":"wp","href":"https:\/\/api.w.org\/{rel}","templated":true}]}}