{"id":8410,"date":"2016-01-07T00:47:09","date_gmt":"2016-01-06T22:47:09","guid":{"rendered":"http:\/\/www.mlv-thannhausen.de\/?page_id=8410"},"modified":"2023-12-24T11:21:12","modified_gmt":"2023-12-24T10:21:12","slug":"jugendfoerderfonds","status":"publish","type":"page","link":"https:\/\/www.mlv-thannhausen.de\/?page_id=8410","title":{"rendered":"Jugendfoerderfonds"},"content":{"rendered":"<p style=\"text-align: justify;\">Ein besonderes Anliegen des MLV ist die intensive und erfolgreiche Nachwuchs- und Jugendarbeit. Wir erm\u00f6glichen Sch\u00fclerinnen und Sch\u00fclern die Segelflug-Ausbildung im ersten Jahr f\u00fcr z. Z. pauschal 240 \u20ac. Die weitere Ausbildung wird ebenfalls zu beg\u00fcnstigten Tarifen f\u00fcr Sch\u00fcler, Studenten und Auszubildende angeboten. Alle Vereinsmitglieder und Fluglehrer engagieren sich dazu ehrenamtlich und unentgeltlich.<\/p>\n<p style=\"text-align: justify;\">Der MLV bildet aktuell 10 jugendliche Nachwuchspiloten aus und erm\u00f6glicht ihnen damit mehr als nur eine interessante und sinnvolle Freizeitbesch\u00e4ftigung. Auch viele f\u00fcr das sp\u00e4tere Berufsleben wichtige F\u00e4higkeiten werden gef\u00f6rdert wie Konzentrationsverm\u00f6gen, technisches Verst\u00e4ndnis, Entscheidungskraft, Teamgeist, Disziplin und der wertsch\u00e4tzende Umgang mit den Flugzeugen und Fahrzeugen des Vereins. Besonders erfreulich ist hierbei auch das Engagement der Jugendlichen selbst, denn neben der Organisation einiger vereins\u00fcbergreifender Jugend-Veranstaltungen, nahmen im vergangenen Jahr auch einige von ihnen erfolgreich an Lehrg\u00e4ngen zum Fallschirmwart, Jugendleiter, Zellenwart (Holz, Faserverbund) und sogar Fluglehrer teil. Gerne m\u00f6chten wir auch weiterhin eine so nachhaltige Jugendarbeit betreiben und um dies zu erm\u00f6glichen wurde der Jugendf\u00f6rderfonds angelegt.<\/p>\n<p>Wir w\u00fcrden uns sehr freuen, wenn Ihr Unternehmen oder Sie pers\u00f6nlich unseren Jugendf\u00f6rderfonds finanziell unterst\u00fctzen w\u00fcrden und wir so die erfolgreiche Jugendarbeit auch in der Zukunft weiterf\u00fchren k\u00f6nnen. Weitere Informationen zur Nachwuchsarbeit, Jugendf\u00f6rderfonds und ggf. Kontodaten nennt Ihnen gerne Abteilungsleiter Segelflug Thomas Kraus (<a href=\"mailto:thomas@mlv-thannhausen.de\">thomas@mlv-thannhausen.de<\/a>). Selbstverst\u00e4ndlich k\u00f6nnen wir Ihnen hierzu auch eine Zuwendungsbest\u00e4tigung ausstellen.<\/p>\n<h1>Vielen Dank an die Unterst\u00fctzer des Jugendf\u00f6rderfonds 2024:<\/h1>\n<p>&nbsp;<\/p>\n<p><a href=\"http:\/\/www.robatherm.com\" rel=\"attachment wp-att-8411\"><img loading=\"lazy\" decoding=\"async\" class=\"aligncenter wp-image-8411 size-medium\" src=\"http:\/\/www.mlv-thannhausen.de\/wp-content\/uploads\/ROB_logo_80-300x70.gif\" alt=\"ROB_logo_80\" width=\"300\" height=\"70\"><\/a><\/p>\n<p>&nbsp;<\/p>\n<h3><a href=\"https:\/\/www.sparkasse-guenzburg-krumbach.de\/\" rel=\"attachment wp-att-8442\"><img loading=\"lazy\" decoding=\"async\" class=\"aligncenter wp-image-8442 size-medium\" src=\"http:\/\/www.mlv-thannhausen.de\/wp-content\/uploads\/SparkasseGK-300x94.png\" alt=\"SparkasseGK\" width=\"300\" height=\"94\" srcset=\"https:\/\/www.mlv-thannhausen.de\/wp-content\/uploads\/SparkasseGK-300x94.png 300w, https:\/\/www.mlv-thannhausen.de\/wp-content\/uploads\/SparkasseGK.png 622w\" sizes=\"auto, (max-width: 300px) 100vw, 300px\" \/><\/a><\/h3>\n<hr>\n<h1>Vielen Dank an die Unterst\u00fctzer des Jugendf\u00f6rderfonds 2021-2023:<\/h1>\n<p>&nbsp;<\/p>\n<p><a href=\"http:\/\/www.robatherm.com\" rel=\"attachment wp-att-8411\"><img loading=\"lazy\" decoding=\"async\" class=\"aligncenter wp-image-8411 size-medium\" src=\"http:\/\/www.mlv-thannhausen.de\/wp-content\/uploads\/ROB_logo_80-300x70.gif\" alt=\"ROB_logo_80\" width=\"300\" height=\"70\"><\/a><\/p>\n<hr>\n<h1>Vielen Dank an die Unterst\u00fctzer des Jugendf\u00f6rderfonds 2019\/20:<\/h1>\n<p>&nbsp;<\/p>\n<p><a href=\"http:\/\/www.robatherm.com\" rel=\"attachment wp-att-8411\"><img loading=\"lazy\" decoding=\"async\" class=\"aligncenter wp-image-8411 size-medium\" src=\"http:\/\/www.mlv-thannhausen.de\/wp-content\/uploads\/ROB_logo_80-300x70.gif\" alt=\"ROB_logo_80\" width=\"300\" height=\"70\"><\/a><\/p>\n<p>&nbsp;<\/p>\n<h3><a href=\"https:\/\/www.sparkasse-guenzburg-krumbach.de\/\" rel=\"attachment wp-att-8442\"><img loading=\"lazy\" decoding=\"async\" class=\"aligncenter wp-image-8442 size-medium\" src=\"http:\/\/www.mlv-thannhausen.de\/wp-content\/uploads\/SparkasseGK-300x94.png\" alt=\"SparkasseGK\" width=\"300\" height=\"94\" srcset=\"https:\/\/www.mlv-thannhausen.de\/wp-content\/uploads\/SparkasseGK-300x94.png 300w, https:\/\/www.mlv-thannhausen.de\/wp-content\/uploads\/SparkasseGK.png 622w\" sizes=\"auto, (max-width: 300px) 100vw, 300px\" \/><\/a><\/h3>\n<p>&nbsp;<\/p>\n<h3><a href=\"https:\/\/www.transpack-krumbach.de\"><img loading=\"lazy\" decoding=\"async\" class=\"aligncenter wp-image-9179 size-medium\" src=\"http:\/\/www.mlv-thannhausen.de\/wp-content\/uploads\/transpack-300x100.png\" alt=\"\" width=\"300\" height=\"100\" srcset=\"https:\/\/www.mlv-thannhausen.de\/wp-content\/uploads\/transpack-300x100.png 300w, https:\/\/www.mlv-thannhausen.de\/wp-content\/uploads\/transpack.png 510w\" sizes=\"auto, (max-width: 300px) 100vw, 300px\" \/><\/a><\/h3>\n<p>&nbsp;<\/p>\n<h2><b><a href=\"http:\/\/www.kkw-gundremmingen.de\/\" rel=\"attachment wp-att-8601\"><img loading=\"lazy\" decoding=\"async\" class=\"aligncenter wp-image-8601 size-medium\" src=\"http:\/\/www.mlv-thannhausen.de\/wp-content\/uploads\/KGG-Logo-farbig-300x117.png\" alt=\"Kernkraftwerk Gundremmingen GmbH (KGG) \" width=\"300\" height=\"117\" srcset=\"https:\/\/www.mlv-thannhausen.de\/wp-content\/uploads\/KGG-Logo-farbig-300x117.png 300w, https:\/\/www.mlv-thannhausen.de\/wp-content\/uploads\/KGG-Logo-farbig-768x300.png 768w, https:\/\/www.mlv-thannhausen.de\/wp-content\/uploads\/KGG-Logo-farbig-1024x400.png 1024w, https:\/\/www.mlv-thannhausen.de\/wp-content\/uploads\/KGG-Logo-farbig.png 1844w\" sizes=\"auto, (max-width: 300px) 100vw, 300px\" \/><\/a><\/b><\/h2>\n<hr>\n<h1>Vielen Dank an die Unterst\u00fctzer des Jugendf\u00f6rderfonds 2018 und 2017:<\/h1>\n<h1 style=\"text-align: justify;\">&nbsp;<\/h1>\n<p>&nbsp;<br \/>\n<a href=\"http:\/\/www.robatherm.com\" rel=\"attachment wp-att-8411\"><img loading=\"lazy\" decoding=\"async\" class=\"aligncenter wp-image-8411 size-medium\" src=\"http:\/\/www.mlv-thannhausen.de\/wp-content\/uploads\/ROB_logo_80-300x70.gif\" alt=\"ROB_logo_80\" width=\"300\" height=\"70\"><\/a><br \/>\n&nbsp;<\/p>\n<h3 style=\"text-align: center;\"><a href=\"https:\/\/www.sparkasse-guenzburg-krumbach.de\/\" rel=\"attachment wp-att-8442\"><img loading=\"lazy\" decoding=\"async\" class=\"aligncenter wp-image-8442 size-medium\" src=\"http:\/\/www.mlv-thannhausen.de\/wp-content\/uploads\/SparkasseGK-300x94.png\" alt=\"SparkasseGK\" width=\"300\" height=\"94\" srcset=\"https:\/\/www.mlv-thannhausen.de\/wp-content\/uploads\/SparkasseGK-300x94.png 300w, https:\/\/www.mlv-thannhausen.de\/wp-content\/uploads\/SparkasseGK.png 622w\" sizes=\"auto, (max-width: 300px) 100vw, 300px\" \/><\/a><\/h3>\n<p>&nbsp;<\/p>\n<h2 style=\"text-align: center;\"><b> <a href=\"http:\/\/www.kkw-gundremmingen.de\/\" rel=\"attachment wp-att-8601\"><img loading=\"lazy\" decoding=\"async\" class=\"aligncenter wp-image-8601 size-medium\" src=\"http:\/\/www.mlv-thannhausen.de\/wp-content\/uploads\/KGG-Logo-farbig-300x117.png\" alt=\"Kernkraftwerk Gundremmingen GmbH (KGG) \" width=\"300\" height=\"117\" srcset=\"https:\/\/www.mlv-thannhausen.de\/wp-content\/uploads\/KGG-Logo-farbig-300x117.png 300w, https:\/\/www.mlv-thannhausen.de\/wp-content\/uploads\/KGG-Logo-farbig-768x300.png 768w, https:\/\/www.mlv-thannhausen.de\/wp-content\/uploads\/KGG-Logo-farbig-1024x400.png 1024w, https:\/\/www.mlv-thannhausen.de\/wp-content\/uploads\/KGG-Logo-farbig.png 1844w\" sizes=\"auto, (max-width: 300px) 100vw, 300px\" \/><\/a><\/b><\/h2>\n<p>&nbsp;<br \/>\n<a href=\"https:\/\/www.transpack-krumbach.de\"><img loading=\"lazy\" decoding=\"async\" class=\"aligncenter wp-image-9179 size-medium\" src=\"http:\/\/www.mlv-thannhausen.de\/wp-content\/uploads\/transpack-300x100.png\" alt=\"\" width=\"300\" height=\"100\" srcset=\"https:\/\/www.mlv-thannhausen.de\/wp-content\/uploads\/transpack-300x100.png 300w, https:\/\/www.mlv-thannhausen.de\/wp-content\/uploads\/transpack.png 510w\" sizes=\"auto, (max-width: 300px) 100vw, 300px\" \/><\/a><\/p>\n<p>&nbsp;<\/p>\n<h1 style=\"text-align: justify;\">Vielen Dank an die Unterst\u00fctzer des Jugendf\u00f6rderfonds 2016:<\/h1>\n<p>&nbsp;<br \/>\n<a href=\"http:\/\/www.robatherm.com\" rel=\"attachment wp-att-8411\"><img loading=\"lazy\" decoding=\"async\" class=\"aligncenter wp-image-8411 size-medium\" src=\"http:\/\/www.mlv-thannhausen.de\/wp-content\/uploads\/ROB_logo_80-300x70.gif\" alt=\"ROB_logo_80\" width=\"300\" height=\"70\"><\/a><br \/>\n&nbsp;<br \/>\n<a href=\"http:\/\/www.hugo-frosch.de\/\" rel=\"attachment wp-att-8412\"><img loading=\"lazy\" decoding=\"async\" class=\"aligncenter wp-image-8412 size-medium\" src=\"http:\/\/www.mlv-thannhausen.de\/wp-content\/uploads\/hugo-frosch-startseite-2015-neu-300x61.jpg\" alt=\"hugo-frosch-startseite-2015-neu\" width=\"300\" height=\"61\" srcset=\"https:\/\/www.mlv-thannhausen.de\/wp-content\/uploads\/hugo-frosch-startseite-2015-neu-300x61.jpg 300w, https:\/\/www.mlv-thannhausen.de\/wp-content\/uploads\/hugo-frosch-startseite-2015-neu.jpg 392w\" sizes=\"auto, (max-width: 300px) 100vw, 300px\" \/><\/a><br \/>\n&nbsp;<\/p>\n<h3 style=\"text-align: center;\"><a href=\"https:\/\/www.sparkasse-guenzburg-krumbach.de\/\" rel=\"attachment wp-att-8442\"><img loading=\"lazy\" decoding=\"async\" class=\"aligncenter wp-image-8442 size-medium\" src=\"http:\/\/www.mlv-thannhausen.de\/wp-content\/uploads\/SparkasseGK-300x94.png\" alt=\"SparkasseGK\" width=\"300\" height=\"94\" srcset=\"https:\/\/www.mlv-thannhausen.de\/wp-content\/uploads\/SparkasseGK-300x94.png 300w, https:\/\/www.mlv-thannhausen.de\/wp-content\/uploads\/SparkasseGK.png 622w\" sizes=\"auto, (max-width: 300px) 100vw, 300px\" \/><\/a><\/h3>\n<p>&nbsp;<\/p>\n<h2 style=\"text-align: center;\"><b> <a href=\"http:\/\/www.kkw-gundremmingen.de\/\" rel=\"attachment wp-att-8601\"><img loading=\"lazy\" decoding=\"async\" class=\"aligncenter wp-image-8601 size-medium\" src=\"http:\/\/www.mlv-thannhausen.de\/wp-content\/uploads\/KGG-Logo-farbig-300x117.png\" alt=\"Kernkraftwerk Gundremmingen GmbH (KGG) \" width=\"300\" height=\"117\" srcset=\"https:\/\/www.mlv-thannhausen.de\/wp-content\/uploads\/KGG-Logo-farbig-300x117.png 300w, https:\/\/www.mlv-thannhausen.de\/wp-content\/uploads\/KGG-Logo-farbig-768x300.png 768w, https:\/\/www.mlv-thannhausen.de\/wp-content\/uploads\/KGG-Logo-farbig-1024x400.png 1024w, https:\/\/www.mlv-thannhausen.de\/wp-content\/uploads\/KGG-Logo-farbig.png 1844w\" sizes=\"auto, (max-width: 300px) 100vw, 300px\" \/><\/a><\/b><\/h2>\n","protected":false},"excerpt":{"rendered":"<p>Ein besonderes Anliegen des MLV ist die intensive und erfolgreiche Nachwuchs- und Jugendarbeit. Wir erm\u00f6glichen Sch\u00fclerinnen und Sch\u00fclern die Segelflug-Ausbildung im ersten Jahr f\u00fcr z. Z. pauschal 240 \u20ac. Die weitere Ausbildung wird ebenfalls zu beg\u00fcnstigten Tarifen f\u00fcr Sch\u00fcler, Studenten <a class=\"more-link\" href=\"https:\/\/www.mlv-thannhausen.de\/?page_id=8410\">weiterlesen&#8230;<\/a><\/p>\n","protected":false},"author":94,"featured_media":1651,"parent":6,"menu_order":0,"comment_status":"closed","ping_status":"closed","template":"","meta":{"ngg_post_thumbnail":0,"footnotes":""},"class_list":["post-8410","page","type-page","status-publish","has-post-thumbnail","hentry"],"_links":{"self":[{"href":"https:\/\/www.mlv-thannhausen.de\/index.php?rest_route=\/wp\/v2\/pages\/8410","targetHints":{"allow":["GET"]}}],"collection":[{"href":"https:\/\/www.mlv-thannhausen.de\/index.php?rest_route=\/wp\/v2\/pages"}],"about":[{"href":"https:\/\/www.mlv-thannhausen.de\/index.php?rest_route=\/wp\/v2\/types\/page"}],"author":[{"embeddable":true,"href":"https:\/\/www.mlv-thannhausen.de\/index.php?rest_route=\/wp\/v2\/users\/94"}],"replies":[{"embeddable":true,"href":"https:\/\/www.mlv-thannhausen.de\/index.php?rest_route=%2Fwp%2Fv2%2Fcomments&post=8410"}],"version-history":[{"count":32,"href":"https:\/\/www.mlv-thannhausen.de\/index.php?rest_route=\/wp\/v2\/pages\/8410\/revisions"}],"predecessor-version":[{"id":12798,"href":"https:\/\/www.mlv-thannhausen.de\/index.php?rest_route=\/wp\/v2\/pages\/8410\/revisions\/12798"}],"up":[{"embeddable":true,"href":"https:\/\/www.mlv-thannhausen.de\/index.php?rest_route=\/wp\/v2\/pages\/6"}],"wp:featuredmedia":[{"embeddable":true,"href":"https:\/\/www.mlv-thannhausen.de\/index.php?rest_route=\/wp\/v2\/media\/1651"}],"wp:attachment":[{"href":"https:\/\/www.mlv-thannhausen.de\/index.php?rest_route=%2Fwp%2Fv2%2Fmedia&parent=8410"}],"curies":[{"name":"wp","href":"https:\/\/api.w.org\/{rel}","templated":true}]}}